t s = 4 - h. Suppose -t = u - s + 3, t = -3*u + 1. Let y(a) = -3*a. What is y(t)?
6
Let v(b) = -b**3 - b**2 + b + 8. Let l be 0/(-6*1/(-3)). Determine v(l).
8
Suppose 5 = 2*m + 3. Let l(c) = -16*c**3 - c**2. What is l(m)?
-17
Let n(t) be the first derivative of -t**4/12 + 3*t**2/2 - 2*t - 8. Let k(a) be the first derivative of n(a). Calculate k(3).
-6
Let i = -22 + 30. Let c(n) = -n**3 + 8*n**2 - n + 7. Give c(i).
-1
Let o(u) = u**3 - 10*u**2 + 10*u - 9. Let a be o(9). Let c(q) = q**3 - q**2 - q - 4. Give c(a).
-4
Let h(j) = -6*j. Let k(f) = f. Suppose 16 = -0*m + 2*m. Let o be (-2)/4 + 92/m. Let q(t) = o*k(t) + 2*h(t). Give q(-2).
2
Let j be (-2)/6 - (-4)/12. Suppose j = -3*x + 2 + 1. Let f(s) = 0 + 0 + 4*s + 1. What is f(x)?
5
Let i(m) be the second derivative of -m**4/6 + m**3/2 + 2*m**2 - 2*m. Let a be (2/(-5))/((-2)/20). Suppose -z = 1 - a. Give i(z).
-5
Let i be 6/2 - (-2 + 2). Suppose 1 = -3*z + 2*z + 4*j, -j + 58 = -i*z. Let p = -15 - z. Let w(r) = -r**2 + 6*r + 6. What is w(p)?
6
Let v = 12 + -10. Suppose k = 5*l + 5 - v, 9 = -l - 4*k. Let z(n) = -2 + 2 - 2*n. What is z(l)?
2
Let y(b) = b**2 + 5*b + 5. Let m be 0 - -1*(-1 - -2). Let l = m + -5. What is y(l)?
1
Let c(i) = -7*i**2 + 7*i**2 - 4 + i**2 + 4*i. Determine c(-4).
-4
Let v(k) be the first derivative of k**4/4 + k**3 - 3*k**2/2 - 2. Determine v(-4).
-4
Let l(p) be the first derivative of -p**3/3 + 3*p**2 - 3*p - 1. Suppose -3*h = -17 - 1. What is l(h)?
-3
Let g(d) = 1 + 5*d**2 - 3*d**2 - 4*d - d**2. Let s be -2 + ((-28)/2)/(-1). Let r = s + -8. What is g(r)?
1
Let a = -12 + -1. Let n = a - -13. Let y(g) = 3 - 4 - g**2 + g + g**3 + 7. Determine y(n).
6
Suppose -9 = 5*s - 4. Let t(x) = 3*x. What is t(s)?
-3
Let q(m) = 2*m + 7*m - 4*m + 0*m + 2. Calculate q(2).
12
Suppose -2*p = 5 + 9. Let a = 11 + p. Suppose a = m + 3. Let b(u) = -2*u. What is b(m)?
-2
Let u = 4 - -2. Let n(d) = 4*d + 1. Let z(p) = 3*p + 1. Let w(v) = u*n(v) - 5*z(v). Give w(1).
10
Let i(x) be the first derivative of -2 - 1/2*x**2 - x + 2/3*x**3. Determine i(2).
5
Suppose 0 = 5*z - 0*r + r - 10, 4*z - 4*r = -16. Let q(x) = -105 + x + 105 + 4*x + 5*x. Calculate q(z).
10
Suppose 0 = w - 2*w. Let u be 1/2*w/(-1). Let i(q) = -2*q**3 + q**3 - 4 + 1. Calculate i(u).
-3
Let s = 17 - 7. Let a be (1/1)/(2/s). Let h(c) = c - 5. Determine h(a).
0
Let w = 105 + -106. Let h(i) = -6*i**2 + i + 1. What is h(w)?
-6
Let j(x) be the second derivative of x**5/20 + x**4/2 - x**3/3 - x**2/2 + 26*x. What is j(-6)?
11
Suppose 0 = -2*f - 2*a - 0*a - 8, -4*f + 4*a = 8. Let d(x) be the first derivative of x**4/4 + 2*x**3/3 - x**2 - 4*x - 2. What is d(f)?
-7
Let q(p) = -p**2 - 24*p - 41. Let n be q(-22). Let v(g) = -g**3 + 2*g**2 - g + 4. Give v(n).
-8
Let s(z) = -z + 1. Let k be s(6). Let a(f) = 4*f**2 + 7*f - 4. Let w(m) = -9*m**2 - 14*m + 9. Let g(t) = -7*a(t) - 3*w(t). Calculate g(k).
11
Let m(c) = -4*c**2 - c - 4. Let x(f) = 9*f**2 + f + 9. Let w(r) = -7*m(r) - 3*x(r). Let k = 4 + -7. Determine w(k).
-2
Let p be 0 + -1 + (-6)/(-2). Let i = 6 - 3. Let f(b) = i - 5 + 1 - 4*b**p. Calculate f(-1).
-5
Let p(c) = -5*c**2 + 2*c + 7. Let w(q) = -6*q**2 + q + 7. Let b(v) = -7*p(v) + 6*w(v). Determine b(-7).
0
Let i = 36 + -31. Let q(l) = l**2 - 4*l - 1. Determine q(i).
4
Let l(i) = i**3 + 6*i**2 + 2. Let a be l(-6). Let w = a + -1. Let q(y) = -1 - 3*y + 2 - y. What is q(w)?
-3
Let x(m) be the second derivative of m**5/20 - m**4/12 + 3*m**2/2 + m. Let d = 335 + -335. What is x(d)?
3
Let k(q) = -q - 1. Suppose -7*f = -2*f + m + 7, -4*f - 4*m = 12. What is k(f)?
0
Let w(c) = 5*c + 15. Let u(b) be the first derivative of -b**2/2 - 4*b - 4. Let k(l) = -9*u(l) - 2*w(l). What is k(5)?
1
Let i(b) = b - 3. Suppose -2 = -4*m + 5*c + 19, 5*m = -5*c + 15. Determine i(m).
1
Let l(h) = -h**2 - 4. Let b(f) = -f + 13. Let m be b(16). Calculate l(m).
-13
Let n(f) be the third derivative of -f**4/6 - 7*f**3/6 - 2*f**2. What is n(-5)?
13
Let s(u) = -u + 2. Let v(d) = -d**3 + 13*d**2 + 28*d + 36. Let m be v(15). Determine s(m).
-4
Let r(c) = -c**2 + c + 4. Let n be (-10)/(-8) + (-2)/8. Let i be ((-1)/(-1))/(2 - n). Let o be i/2*-2 + 1. Give r(o).
4
Let a(z) = -2*z + z**2 - z**2 - 1 - 3*z**3. Suppose d + 13 + 11 = -5*w, 3*d = -5*w - 32. Let v = w + 3. Determine a(v).
4
Let f(s) = -3*s - 5 + s + 2 + 3*s. Let a(i) = i - 3. Let u(w) = 4*a(w) - 3*f(w). Determine u(5).
2
Suppose d + 0 = 36. Suppose -2*w + 2*z - 5 = -3, -4*z - d = 4*w. Let j(i) = -i - 2. Determine j(w).
3
Suppose -y - 2*r - 3 = 0, -4*y + 5*r = r. Let p(w) = 2*w**2 + 4*w + 4. Let i(u) = -u**2 - 3*u - 3. Let z(o) = 3*i(o) + 2*p(o). Give z(y).
1
Let s be (-2)/(-9) - 102/(-27). Let y(f) = -1 - 2 - s*f + 5*f + f**2. Calculate y(-4).
9
Let b be -2 + 5 + (-1)/1. Let t(i) = 5 + 8*i**2 - b*i - 4*i - 9*i**2. Let r be t(-7). Let w(z) = -z**3 - 2*z**2 + z - 1. Give w(r).
-3
Let g(m) be the second derivative of -5/2*m**2 + 0 + m**3 - 1/12*m**4 - m. Let r(f) = 2*f**3 - 3*f**2 + f - 1. Let q be r(2). Determine g(q).
0
Let w(r) = -3*r**3 - 19*r**2 + 2*r + 1. Let l(h) = -2*h**3 - 10*h**2 + h + 1. Let s(u) = -5*l(u) + 3*w(u). Determine s(7).
5
Let r(b) be the third derivative of -19/60*b**5 + 7*b**2 + 0*b + 1/24*b**4 + 0 + 0*b**3. Calculate r(1).
-18
Suppose y + 45 = 4*l + 6*y, -l = -4*y + 15. Let k(q) = 0*q + q - 2 - q**2 - l*q. Determine k(-4).
-2
Suppose -2*d - 4*p - 4 = 0, -4*p = -3*d + 15 - 1. Let f(j) = -1 - 1 - d*j - 3. Let u(a) = -2*a + 2. Let z be u(4). Calculate f(z).
7
Let m(b) = 11*b - 4*b - 5*b - b. Calculate m(2).
2
Suppose -6*i - 6 = -3*i. Let z(f) = -2*f**2 - 4*f + 5. Let v(b) = -2*b**2 - 3*b + 4. Let t(c) = -4*v(c) + 3*z(c). What is t(i)?
7
Let l(w) = w - 11. Let p = 160 - 152. What is l(p)?
-3
Let n(c) = c + 1. Let r(a) = -28*a - 8. Let d(q) = 5*n(q) + r(q). Let b(f) = 2*f. Let m(z) = 22*b(z) + 2*d(z). Suppose -6*v = 14 + 22. What is m(v)?
6
Let l(y) = y**3 - 6*y**2 + 2*y - 2. Let o be -1 + -1 - (-8 - -1). Suppose 24 = 4*r + g - 4*g, -o*g = -3*r + 18. Give l(r).
10
Let f(j) = -4*j. Let x(y) = 8*y - 2. Let g be x(1). Suppose g = 4*k + 2. Give f(k).
-4
Let c(k) = -k**3 - 2. Let q be c(0). Let g(j) = -2*j**2 - j. Calculate g(q).
-6
Let p(w) = w - 3. Suppose -4*u = -3*k - 11, 2*u - 4*k + 2 = -0*k. Give p(u).
2
Suppose y - 28 = 5*f - 0*f, -y + 8 = -f. Let x(c) = c**2 + 9*c + 3. Give x(f).
-17
Let v(l) be the third derivative of l**6/120 + 2*l**5/15 + l**4/8 + 11*l**3/6 + 5*l**2. Give v(-8).
-13
Suppose 12 = 5*h + 42. Let l(d) = -d. What is l(h)?
6
Suppose 6*a - 2*c = 2*a + 26, -5*a = 2*c - 28. Let v be 94/18 + a/(-27). Let g(x) = x - 2. Let z(q) = -q + 2. Let s(w) = v*z(w) + 6*g(w). Give s(4).
2
Suppose 0 = -3*x + 14 + 10. Let i(k) = 3*k + k - 5*k + x - k. Give i(6).
-4
Suppose -r + 12 = -3*b - 2*b, 0 = -2*r - 5*b - 6. Let t(j) = 7*j - 1. Calculate t(r).
13
Suppose -4*l + 15 = -5, 5*m + 15 = 4*l. Let r(x) = -x. What is r(m)?
-1
Let j(f) = -20*f + 24. Let l(s) be the second derivative of -s**3/6 + s**2/2 + 3*s. Let q(o) = j(o) - 24*l(o). Give q(-2).
-8
Let k(q) = 6*q**3 - 16*q**2 + 4*q + 9. Let p(x) = -7*x**3 + 17*x**2 - 3*x - 9. Let w(r) = -6*k(r) - 5*p(r). Calculate w(10).
1
Let c(m) be the second derivative of m**3 - 1/12*m**4 + 0 - m + 0*m**2. Give c(3).
9
Let b(k) = -2*k + 2. Let z = 3 + -2. Suppose -4*m + 7 = -c - z, -5*c - 2 = -m. What is b(m)?
-2
Let f be -1 - 1/((-2)/2). Let s(h) = -4*h**2 + h**3 - 2 + 3*h + f*h**3 + h. Let u = -45 + 47. Give s(u).
-2
Let l = 36 + -37. Let r(g) = 5*g - 1. Determine r(l).
-6
Let w = -2 + 1. Let s be ((-12)/3)/(w - 1). Let c(n) = -1 - 2*n**2 - n**3 + s*n + n**3 + n**3. Determine c(2).
3
Let c(x) = -x**3 + x**2 - 8*x - 1. Let s(r) = 2 - 4*r - 3 - r**3 - 3*r + r**2. Let g(f) = 6*c(f) - 7*s(f). Calculate g(0).
1
Let p(z) be the second derivative of 3/20*z**5 + 0*z**2 + 0 + z + 0*z**4 + 1/6*z**3. Let j(y) = 3*y + 16. Let x be j(-5). Calculate p(x).
4
Let l(u) = -u**3 + 2*u**2 - u + 1. Let o be l(2). Let y(x) = x**2 - 1 + 3*x**2 - 2*x**2 - 6*x**3. Calculate y(o).
7
Let o(l) be the second derivative of l**4/12 - l**3/6 - 7*l**2/2 - 2*l. Let u(a) = 5*a + 0*a + 7 - 4*a. Let m be u(-7). Give o(m).
-7
Suppose -m + 2 = 3*x - 3, 0 = 5*x + 4*m - 6. Let s(d) = d - 3 + x - 2 - 2. Calculate s(5).
0
Let u(b) be the first derivative of -b**3/3 - b**2 + 3*b + 4. Suppose -j + 4*j = 2